**4/24 - 2*k**3/3 - 2*k**2 - 2*k - 1194. Determine d(v).
1
Let s(w) = -3*w**3 - 2*w**2 + 8*w - 5. Suppose -2 = -4*l + 2*y - 16, 5*y - 3 = 2*l. Determine s(l).
123
Let p(d) = 3*d**3 - 22*d**2 + 10*d - 76. Let j(t) = -t**3 + 10*t**2 - 5*t + 34. Let l(b) = 5*j(b) + 2*p(b). Give l(-7).
4
Let a(z) be the third derivative of 0 - 3/2*z**3 + 12*z**2 + 1/24*z**4 - 7*z. What is a(0)?
-9
Let m(i) be the first derivative of 3*i**2/2 + 2*i + 116018. Let a(t) = -t**2 - 8*t - 5. Let w be a(-6). Give m(w).
23
Suppose 5*t - 25 = -5*j, -3*j + 5 = t - 4. Let x(m) be the first derivative of -78 + 3/2*m**2 - 1/2*m**4 + 1/3*m**3 - 3*m. Calculate x(j).
-9
Let o be 6*(-7)/((-21)/2). Let m(l) = 13*l - 52. Determine m(o).
0
Let p(x) = -14*x - 3. Let h(f) = 3*f - 1. Let q(r) = -5*h(r) - p(r). Let l be q(3). Let d(i) = -i**2 + 7*i - 6. Determine d(l).
4
Suppose 60*q = -4603 + 1963. Let g(z) = 2*z**2 + 86*z - 94. Give g(q).
-6
Let h(t) = 0*t**2 - 5*t**3 + 0*t - 3 + 4*t**3 + 7*t + 5*t**2 + 12. What is h(6)?
15
Let s(p) = p**2 + 5*p - 9. Let i(l) be the first derivative of -l**2/2 - l + 13. Let g be (-24)/(-16) + 2/(-4). Let c(q) = g*s(q) + 5*i(q). Calculate c(0).
-14
Suppose 21*m = -16887 + 16824. Let v(z) = 1 + 4*z + 1 + 1. Determine v(m).
-9
Let h be (-3)/(60/84*(-6)/10). Let j(p) = -p**2 + 3*p + 30. What is j(h)?
2
Let x(z) = -5*z - 37. Suppose 6*v + 60 + 8 = 2*v. Give x(v).
48
Let a be -3 + (-70)/(-22) + 60/33. Suppose -d + 1 = a*m, -4*d = -3*d - 4*m - 25. Let r(y) = -4 - 3 + 13*y - d*y. Calculate r(5).
13
Let h(a) = a**2 + a + 21. Suppose 3*b + 3*g - 48 = -21, -5*b = 3*g - 45. Calculate h(b).
111
Suppose -3*d - 2 = 19. Let t(x) = 7*x**2 - 4*x + 2. Suppose v = 4*v + 12. Let q(b) = 9*b**2 - 3*b + 4. Let o(n) = v*q(n) + 5*t(n). Determine o(d).
1
Let r be (17 - 22 - -12) + (2 - (-3 - -4)). Let v(o) = o**3 - 9*o**2 + 6*o + 17. What is v(r)?
1
Let t(p) = p**2 + 11*p + 17. Suppose 0 = 4*o + 5*y + 50, -2*o = -14*y + 10*y + 12. What is t(o)?
7
Let g(u) = -u**2 + 7*u - 2. Let z be g(3). Let y(p) = -3*p**2 - 9*p + 1. Let d(b) = -26*b**2 - 71*b + 3. Let j(a) = -2*d(a) + 17*y(a). Calculate j(z).
1
Let t(l) = l**2 + 9*l. Let g be 2/(-6) - (-14 + 207/27). Suppose -g*y = -319 + 379. Determine t(y).
10
Let b(a) be the first derivative of -4*a + 2/3*a**3 - 8 + 2*a**2. Give b(-4).
12
Let l(v) = -4*v + 16. Let s(f) = -3*f + 16. Let p(q) = -4*l(q) + 3*s(q). Let z be p(2). Let k(u) = -4*u - 3 - 3*u**2 - 3*u**3 - 3*u**3 + 5*u**3. Calculate k(z).
1
Suppose 0 = 107*a + 437 + 1275. Let t(v) = -v**2 - 18*v - 38. Give t(a).
-6
Let z(s) = 2*s - 8. Let r = 23 - 22. Let v be (-1*1 - r)*242/44. Let b = -5 - v. Calculate z(b).
4
Let n(k) = 22*k + 156. Let o be n(-7). Let m(f) = -4*f + 3451*f**o - 3*f - 3450*f**2 + 6*f. Give m(-1).
2
Let u(d) be the first derivative of 9*d**3 + 2*d**2 + 3*d - 1365. Give u(-1).
26
Suppose 0 = -d + 5*s + 5, 1 + 4 = d + 4*s. Let a(p) = 3*p + 16. Let i = 5 + -11. Let u(r) = 3*r + 15. Let w(n) = d*a(n) + i*u(n). What is w(-7)?
11
Suppose -w - 38*i + 34*i + 31 = 0, -89 = -5*w + 2*i. Let v(y) = y + 1. Calculate v(w).
20
Let s be -137 - (0 + (-2 - 4)). Let c = s - -126. Let p(o) = -2*o + 0*o**2 + o**2 + 5 + 8*o. What is p(c)?
0
Let q(g) be the second derivative of -g**4/12 - 3*g**3/2 - 9*g**2/2 + 31641*g. Let s(o) = -7*o. Let m be s(1). What is q(m)?
5
Suppose -2*g = 5*s + 636, 2*s + 168 = 4*g - 72. Let a be s/24 - 1*(-7)/28. Let v(f) = -5*f. What is v(a)?
25
Let d(i) be the second derivative of 5*i**4/12 + i**3/3 - 11*i**2/2 + 2*i - 307. What is d(3)?
40
Let m(k) = k**2 + k - 16. Suppose 6*u - 7*u - 101 = 0. Let f = 101 + u. What is m(f)?
-16
Let m be (-9636)/572 + 11 - 2/13. Let j(c) be the third derivative of c**6/120 + 7*c**5/60 + c**4/3 + c**3/3 - 2*c**2. Give j(m).
-10
Let s(g) be the third derivative of g**6/120 - g**5/6 - 11*g**4/24 - 5*g**3/6 + 280*g**2 + 2. Let h be 6/10 - ((-216)/15 - -4). Determine s(h).
-5
Let t be 0/(3 - (7 - 1)). Suppose -5*h + 4*h + 2 = t. Let q(f) = -f**2 + 4 + h + 0*f + 2*f - 7. What is q(-2)?
-9
Let x(r) = r**3 - 43*r**2 - 16*r + 679. Let c be x(43). Let d(i) be the second derivative of 1/6*i**3 + 9/2*i**2 + 0 + i. Determine d(c).
0
Let v(w) = 9*w + 123. Let p(o) = -28*o - 377. Let x(c) = 3*p(c) + 8*v(c). Calculate x(-12).
-3
Let i(r) be the third derivative of r**4/12 + 89*r**3/6 + 1441*r**2 - 3*r. Give i(-39).
11
Suppose 0 = -7*n + 879 + 269. Suppose -4*i + 94 = -4*r + 350, 3*r = -4*i + n. Let l = -62 + r. Let d(c) = -2*c**2 - c - 1. Calculate d(l).
-7
Let p = -104 + 108. Let k(r) = -493*r**2 + 2 + r**3 + 487*r**2 + p. What is k(6)?
6
Let k = -25 - -24. Let r be 2*k/(2/(-5)). Let u(j) = -10 + 6*j - 3*j - j**2 + r*j + 1. Calculate u(6).
3
Let z be (8 + -12)*(-2)/(-4). Let v(f) = -2*f**2 - 2*f + 1. Let p(r) = 13*r**2 + 13*r - 7. Let b(x) = p(x) + 6*v(x). What is b(z)?
1
Let s(h) = -h + 11. Let o be s(6). Suppose -p + 4 = -o*p. Let z(f) = -6*f - 324. Let l(k) = -6*k - 288. Let m(t) = 9*l(t) - 8*z(t). What is m(p)?
6
Let c(f) = 7*f + 197. Let g(h) = 6*h + 200. Let k(y) = -5*c(y) + 4*g(y). Calculate k(-17).
2
Suppose 151*d = 148*d - 450. Let a = -161 - d. Let r(c) = c**2 + 11*c + 1. What is r(a)?
1
Let u(s) = -9*s + 23. Let g(d) = -3*d + 7. Let n(x) = -4*g(x) + u(x). Let r(f) = f**3 + 10*f**2 - 23*f + 17. Let b be r(-12). Give n(b).
10
Let a(f) be the first derivative of -5*f**2/2 - 8*f + 4847. Give a(-10).
42
Let c be (-1)/((138 + -136)*1/(-4)). Let r(w) be the first derivative of c*w - w**3 + 26 - 1/2*w**2 - 1/4*w**4. Give r(-3).
5
Let o(q) = 3*q**2 - 7. Let a = 7036 - 7038. Give o(a).
5
Let s(u) = -4*u + 10. Let k(p) = -2*p - 4. Let w be k(-17). Suppose w*a - 18*a = 60. Give s(a).
-10
Let w(g) = 7*g**2 - g + 7. Let p(k) = -20*k**2 + 5*k - 19. Let y(r) = -6*p(r) - 17*w(r). What is y(15)?
25
Let l(c) = 74*c - 12*c - 9*c - c**3 - 3*c**2 - c**2 - 47*c - 5. Let t = 2 + -7. What is l(t)?
-10
Let w(p) be the second derivative of 7/6*p**3 - 1/60*p**5 + 11/24*p**4 - 16*p + 0 + 49/2*p**2. Let g(v) be the first derivative of w(v). Determine g(11).
7
Let a(v) = -v + 1. Suppose 11*j + 120 = 15*j. Let g be (1 - -2)*(-75)/9. Let p = g + j. Determine a(p).
-4
Let n(k) = 7*k**2 + 1. Let v(i) = -13*i**2 - 7*i**2 - 29 + 13 - i**3 - 2*i. Let d be v(-20). Suppose 21 = -3*h + d. Determine n(h).
8
Let a(y) be the second derivative of 7*y**3/3 - 38*y**2 - 21*y. Let q be a(5). Let r(i) = i**3 + 5*i**2 - 7*i - 5. Give r(q).
1
Let c = 88 + -46. Let m be 8/6 + 28/c. Let k(d) = 3 - 5 + 2*d**m - 81*d + 78*d + d**3. What is k(-3)?
-2
Let v be (2 - 0/1)/(-1). Suppose 5*q + 27 = 4*w, -5*w - 3*q + 40 = -40. Let r(c) = -3*c - w*c**3 + 24*c**3 - 10*c**3 - 3 + c**2. Give r(v).
-1
Suppose 3*m - 5*x - 20 = 0, -16*x = -m - 18*x - 8. Let n(r) = -3*r - 32*r**2 + 28*r**2 + m*r. Give n(-2).
-10
Suppose 0 = 4*w + i - 12, 5*w - 4*w - 4*i + 14 = 0. Let s(y) be the second derivative of -3*y**5/20 + y**4/12 - y**2/2 - 168*y + 2. What is s(w)?
-21
Let c(x) = x**2 - x + 4. Let m(o) = 2*o**2 + 4*o + 7. Let g(t) = -5*c(t) + 2*m(t). Determine g(6).
36
Suppose 31*i = 28*i + 36. Suppose -i = -5*l + 3. Let a(v) = 4 + 8*v**3 - v**2 - 6 - 9*v**l. Calculate a(0).
-2
Let n(s) = 5*s**3 + 2*s**2 - 4*s - 4. Let o(b) = b**3 + 16*b**2 + 11*b - 62. Let d be o(-15). What is n(d)?
-28
Suppose -2*k + 4 = -0*k, 5*k = 2*h - 284. Let y = h - 147. Let l(q) = q + 6. What is l(y)?
6
Let c(a) = -4*a**2 - 106*a + 57. Let f be c(-27). Let v(p) = -2*p**2 + 7*p - 7. What is v(f)?
-4
Let h(b) = 3*b**2 - 4. Suppose -15 = 2*u + 7. Let o(s) = -16*s**2 - s + 21. Let x(k) = u*h(k) - 2*o(k). Let y be 0 - -2 - (4 - 0). What is x(y)?
-6
Let c = 34 + -31. Suppose p - 2*v - 2*v + 2 = 0, c*p = 3*v + 3. Let h(w) = -w - 4 + 2 - w**3 + 2*w**p + 0*w. Determine h(2).
-4
Let z(x) = -x**3 + 5*x**2 + 3*x + 5. Suppose 2*v = -2*a + 2, 2*v + 18 = -a + 3*a. Calculate z(a).
20
Suppose -72*h + 10 = 5*o - 76*h, o + 4*h = 2. Let q(y) = 10*y - 8. What is q(o)?
12
Let y(b) = -5*b - 67. Let r = -1100 + 1086. What is y(r)?
3
Let i(a) = -6*a + 2. Suppose 0 = -0*o + 4*o - 12. Suppose 2*s = o*h + 7, 5*h = 2*s - 16 + 7. Calculate i(s).
-10
Let x(r) be the second derivative of 0*r**5 + 2/3*r**3 - 1/8*r**4 + 0 + 1/120*r**6 - 36*r + 15/2*r**2. Let k(g) be the first derivative of x(g). What is k(-3)?
-14
Let q(g) be the third derivative of -g**6/120 + 7*